34?
True
Does 30 divide 2430?
True
Does 33 divide 561?
True
Is 9741 a multiple of 191?
True
Is 80218 a multiple of 210?
False
Is 33 a factor of 32056?
False
Is 349 a multiple of 5?
False
Does 6 divide 1314?
True
Does 14 divide 7222?
False
Is 59 a factor of 16461?
True
Is 2964 a multiple of 78?
True
Is 11954 a multiple of 86?
True
Is 18 a factor of 5269?
False
Does 139 divide 9591?
True
Is 8 a factor of 310?
False
Is 8 a factor of 13270?
False
Is 119 a factor of 5242?
False
Is 57155 a multiple of 28?
False
Is 139 a factor of 14873?
True
Is 4788 a multiple of 109?
False
Is 52 a factor of 1456?
True
Is 39261 a multiple of 185?
False
Does 6 divide 245?
False
Is 1519 a multiple of 10?
False
Does 12 divide 150?
False
Is 275 a multiple of 10?
False
Is 1848 a multiple of 56?
True
Is 7 a factor of 8494?
False
Is 248 a multiple of 13?
False
Does 2 divide 661?
False
Does 9 divide 48668?
False
Is 41 a factor of 6861?
False
Is 63 a factor of 1899?
False
Is 21 a factor of 11473?
False
Does 63 divide 4221?
True
Does 93 divide 18042?
True
Does 264 divide 14364?
False
Is 88 a factor of 7376?
False
Is 1194 a multiple of 16?
False
Is 385 a multiple of 35?
True
Does 90 divide 77592?
False
Is 60 a factor of 5335?
False
Does 41 divide 1025?
True
Is 31 a factor of 403?
True
Is 21 a factor of 3066?
True
Is 201 a factor of 72443?
False
Is 448 a multiple of 56?
True
Is 1264 a multiple of 176?
False
Is 24 a factor of 136?
False
Does 32 divide 1984?
True
Is 16 a factor of 2212?
False
Does 8 divide 5925?
False
Is 31611 a multiple of 41?
True
Is 43 a factor of 10937?
False
Is 70 a factor of 280?
True
Does 38 divide 2964?
True
Is 63 a factor of 8820?
True
Does 12 divide 6240?
True
Is 20 a factor of 840?
True
Is 13 a factor of 29887?
True
Is 8 a factor of 8072?
True
Is 27 a factor of 405?
True
Does 27 divide 7722?
True
Is 915 a multiple of 49?
False
Is 2251 a multiple of 24?
False
Does 16 divide 240?
True
Is 21412 a multiple of 53?
True
Is 150 a factor of 22500?
True
Does 8 divide 1761?
False
Is 1585 a multiple of 25?
False
Is 144 a multiple of 3?
True
Does 25 divide 1920?
False
Is 5834 a multiple of 41?
False
Is 7 a factor of 693?
True
Does 13 divide 338?
True
Does 26 divide 2680?
False
Is 480 a multiple of 24?
True
Is 2015 a multiple of 13?
True
Is 114 a factor of 792?
False
Is 13279 a multiple of 61?
False
Is 32175 a multiple of 9?
True
Is 24674 a multiple of 10?
False
Is 25 a factor of 11492?
False
Is 18669 a multiple of 8?
False
Is 55 a factor of 10230?
True
Is 95 a factor of 2280?
True
Is 39544 a multiple of 25?
False
Is 2156 a multiple of 11?
True
Is 10 a factor of 257?
False
Is 256 a multiple of 8?
True
Is 40416 a multiple of 16?
True
Is 23885 a multiple of 17?
True
Is 6304 a multiple of 67?
False
Is 539 a multiple of 12?
False
Does 20 divide 1032?
False
Is 535 a multiple of 8?
False
Is 5523 a multiple of 27?
False
Is 3 a factor of 132?
True
Does 36 divide 13608?
True
Is 376 a multiple of 2?
True
Is 80296 a multiple of 13?
False
Is 99 a factor of 9624?
False
Is 4760 a multiple of 4?
True
Does 194 divide 43068?
True
Is 11 a factor of 101236?
False
Is 5 a multiple of 3?
False
Is 6410 a multiple of 45?
False
Is 32354 a multiple of 14?
True
Does 64 divide 1984?
True
Is 13 a factor of 9087?
True
Is 1348 a multiple of 4?
True
Is 220 a factor of 22440?
True
Is 36 a factor of 11016?
True
Does 13 divide 260?
True
Does 13 divide 2275?
True
Does 14 divide 20071?
False
Is 19908 a multiple of 79?
True
Is 54 a factor of 481?
False
Is 5664 a multiple of 24?
True
Does 21 divide 26634?
False
Is 56 a multiple of 4?
True
Is 114296 a multiple of 52?
True
Is 1310 a multiple of 6?
False
Is 13 a factor of 1557?
False
Is 64 a factor of 23168?
True
Is 33 a factor of 23256?
False
Is 2471 a multiple of 3?
False
Is 994 a multiple of 7?
True
Does 7 divide 530?
False
Is 3 a factor of 110?
False
Is 55 a factor of 9576?
False
Is 17 a factor of 3548?
False
Is 30297 a multiple of 5?
False
Is 16 a factor of 7707?
False
Is 27 a factor of 648?
True
Is 25 a factor of 10675?
True
Is 561 a multiple of 17?
True
Is 28 a factor of 5348?
True
Does 3 divide 1101?
True
Is 19602 a multiple of 33?
True
Does 25 divide 450?
True
Is 130 a factor of 15470?
True
Is 2640 a multiple of 48?
True
Is 142 a factor of 13348?
True
Does 6 divide 3168?
True
Does 13 divide 741?
True
Does 15 divide 1260?
True
Does 83 divide 1826?
True
Is 2 a factor of 817?
False
Is 31 a factor of 4061?
True
Does 16 divide 10704?
True
Does 23 divide 1702?
True
Does 30 divide 3330?
True
Is 18 a factor of 1116?
True
Is 98 a factor of 10682?
True
Is 8 a factor of 40585?
False
Does 34 divide 952?
True
Does 21 divide 460?
False
Is 25 a factor of 3970?
False
Is 3068 a multiple of 13?
True
Is 13 a factor of 2224?
False
Does 113 divide 3277?
True
Does 7 divide 67548?
False
Is 191 a multiple of 17?
False
Is 4 a factor of 13530?
False
Is 4041 a multiple of 9?
True
Is 17 a factor of 1258?
True
Does 35 divide 28630?
True
Is 6 a factor of 295?
False
Is 120 a factor of 20760?
True
Does 22 divide 678?
False
Is 138295 a multiple of 31?
False
Is 30 a factor of 1103?
False
Does 10 divide 533?
False
Is 335 a multiple of 67?
True
Is 1352 a multiple of 71?
False
Is 10 a factor of 7000?
True
Is 286 a multiple of 11?
True
Is 28259 a multiple of 367?
True
Does 13 divide 574?
False
Does 11 divide 5267?
False
Does 40 divide 9320?
True
Does 35 divide 7467?
False
Does 40 divide 40?
True
Does 9 divide 594?
True
Is 57 a factor of 2524?
False
Is 325 a multiple of 25?
True
Is 10260 a multiple of 54?
True
Does 4 divide 6696?
True
Does 26 divide 47172?
False
Is 85 a factor of 4143?
False
Does 37 divide 6280?
False
Does 9 divide 1593?
True
Does 9 divide 270?
True
Does 95 divide 1154?
False
Is 2200 a multiple of 12?
False
Is 121 a factor of 2662?
True
Does 25 divide 207?
False
Is 7257 a multiple of 41?
True
Does 9 divide 1584?
True
Is 627 a multiple of 57?
True
Is 22482 a multiple of 12?
False
Is 33 a factor of 523?
False
Is 27 a factor of 1377?
True
Is 153 a multiple of 17?
True
Is 20 a factor of 23873?
False
Is 60 a factor of 1414?
False
Does 89 divide 6141?
True
Is 23 a factor of 521?
False
Is 11442 a multiple of 9?
False
Is 18 a factor of 558?
True
Is 61 a factor of 2318?
True
Does 103 divide 35306?
False
Is 88274 a multiple of 38?
True
Is 15 a factor of 28890?
True
Is 5 a factor of 283?
False
Is 26 a factor of 1612?
True
Is 7 a factor of 27818?
True
Is 11 a factor of 1527?
False
Is 6 a factor of 78?
True
Is 3087 a multiple of 49?
True
Does 27 divide 21463?
False
Does 9 divide 1017?
True
Is 3 a factor of 110?
False
Does 8 divide 176?
True
Is 39 a factor of 45474?
True
Does 12 divide 58082?
False
Is 15261 a multiple of 16?
False
Is 290 a multiple of 29?
True
Does 235 divide 16685?
True
Is 913 a multiple of 11?
True
Is 2420 a multiple of 14?
False
Is 90 a multiple of 18?
True
Is 14 a factor of 2226?
True
Does 34 divide 2074?
True
Is 32 a factor of 634?
False
Does 337 divide 9290?
False
Is 54 a factor of 7649?
False
Is 2 a factor of 1627?
False
Is 148096 a multiple of 32?
True
Does 17 divide 2642?
False
Does 77 divide 352?
False
Is 89 a factor of 2848?
True
Is 53159 a multiple of 53?
True
Does 9 divide 2043?
True
Is 6 a factor of 258?
True
Is 28 a factor of 6404?
False
Is 13150 a multiple of 157?
False
Does 12 divide 5376?
True
Is 548 a multiple of 4?
True
Is 46 a factor of 4056?
False
Does 17 divide 510?
True
Is 5939 a multiple of 12?
False
Is 48 a factor of 921?
False
Is 22 a factor of 13669?
False
Is 24 a factor of 3048?
True
Does 27 divide 702?
True
Is 3 a factor of 1935?
True
Is 184 a factor of 3864?
True
Does 11 divide 1592?
False
Is 5 a factor of 3575?
True
Is 30 a factor of 480?
True
Is 9 a factor of 63?
True
Does 102 divide 4692?
True
Is 4032 a multiple of 48?
True
Does 15 divide 25303?
False
Is 8820 a multiple of 21?
True
Is 3152 a multiple of 79?
False
Is 13 a factor of 2046?
False
Does 7 divide 3789?
False
Is 56 a factor of 3589?
False
Is 6 a factor of 2994?
True
Does 7 divide 79187?
False
Does 60 divide 16003?
False
Is 9315 a multiple of 45?
True
Is 96252 a multiple of 52?
True
Is 1023 a multiple of 13?
False
Is 21 a factor of 845?
False
Is 580 a multiple of 7?
False
Is 273 a multiple of 13?
True
Does 17 divide 289?
True
Does 3 divide 102?
True
Is 6361 a multiple o